mainder when y is divided by (-80)/12*-3 + 2?
20
Suppose 9 = 2*n + n. Suppose -3*s - 6 = d - 0, n*s + 6 = 0. Suppose -g + 5*g - 68 = d. Calculate the remainder when 63 is divided by g.
12
Let d(b) = b**2 + 5*b - 4. Let v be d(-6). Suppose f + f - 2*j - 30 = 0, -5*f = v*j - 110. Suppose 0*k + f = k. What is the remainder when k is divided by 11?
9
Let f(y) = -7*y**2 - 56*y - 31. What is the remainder when 204 is divided by f(-6)?
45
Let v(c) = 32*c**2 - 2*c + 1. Let a(t) = -t**3 + 7*t**2 + 8*t + 1. Let d be a(8). Calculate the remainder when v(d) is divided by 6*(-8)/((-96)/18).
4
Let o(j) = 7*j + 345. Suppose 2*l = l + 5. What is the remainder when o(-44) is divided by l?
2
Let n = 69 - 63. Suppose 670 = n*a - a. What is the remainder when a is divided by 15?
14
Suppose -2*r = -3*a - 48, -2*r + 2*a + 52 = a. Let p(h) = 36*h - 146. What is the remainder when p(10) is divided by r?
25
Suppose 2*a = -4*b, 0 = 5*a - 4*b - b. Suppose a*c = 5*c - 15. Let j = 26 - c. What is the remainder when j is divided by 6?
5
Suppose 6*z - 9 = 5*z. Let s be (12/(-10))/(z/(-60)). Suppose -2*r - 2*r = -s. Calculate the remainder when 6 is divided by r.
0
Suppose -11*a + 98 = -8*a - 2*u, u = -1. What is the remainder when a is divided by 19?
13
Let y be 366 - -7 - (-2 - -3). Suppose -2*j + j - y = -4*k, 5*k - 468 = 2*j. What is the remainder when k is divided by 24?
20
Let n = -11 - -14. Let l = n + 8. What is the remainder when 18/(-63) + (-219)/(-7) is divided by l?
9
Calculate the remainder when 5/(-20)*-10 - (-525)/6 is divided by 23.
21
Let l be 3/6*(5 - 1). Suppose y - 39 = -l*y. What is the remainder when y is divided by 8?
5
Let j = 86 + -53. Calculate the remainder when 98 is divided by j.
32
Let u(a) = -a**2 + 1. Let r be u(0). Let i(x) = 4*x**2 - 88*x + 501. What is the remainder when -1*r + 192/3 is divided by i(13)?
30
Suppose 29*z - 6*z = 2645. Calculate the remainder when z is divided by 29.
28
Let m(y) = 90*y**2 - 5*y + 1. What is the remainder when 670 is divided by m(-1)?
94
What is the remainder when 239 is divided by (-15)/(-9)*(-1296)/(-45)?
47
Suppose t - 34 + 13 = 0. Let o = t - 11. Suppose -f = -9 + 5. What is the remainder when o is divided by f?
2
Let l(p) = p**2 + 14*p - 2. What is the remainder when l(-18) is divided by 22 + 6*(-4)/6?
16
Suppose -114 = 2*d - 0*d. Let w = -47 - d. Calculate the remainder when w is divided by 6.
4
Suppose 0*m + 4*m = 376. Suppose 0 = 5*a - 126 - m. What is the remainder when 174 is divided by a?
42
What is the remainder when -2 + -8 - (-40 + -35) is divided by 9?
2
Let w(n) = 19*n + 26 - 17*n**2 + 8*n**2 + 11*n**2. Calculate the remainder when w(-13) is divided by 60.
57
Let h(z) = -197*z - 40. Calculate the remainder when h(-1) is divided by 40.
37
What is the remainder when (468/(-65))/((-4)/120) is divided by 73?
70
Let r(y) = -y**2 - 22*y - 36. Calculate the remainder when 245 is divided by r(-13).
2
Let i(a) = a**3 - 7*a**2 - 9*a + 11. Let p be i(8). Suppose -p*u - 14 = 3*h - 5*h, 14 = 2*h + u. What is the remainder when 33 is divided by h?
5
Suppose 2*h + 3*i + 10 + 14 = 0, 3*i - 18 = 5*h. Calculate the remainder when 28 is divided by ((-2)/6)/((-2)/(-15))*h.
13
Let c(l) be the second derivative of l**2 + 2*l + 1/12*l**4 - 1/6*l**3 + 0. What is the remainder when 43 is divided by c(5)?
21
Let k be 19/(-6) - (-13)/78. Let v = k - -7. Calculate the remainder when 5 is divided by v.
1
Let u(b) = -3 - 12*b**2 + 4*b**2 + 0 + 12*b + 9*b**2. What is the remainder when 40 is divided by u(-14)?
15
Calculate the remainder when 68 is divided by -4*18/(-120)*5 + 20.
22
Suppose -64*i = -58*i + 156. Let t = 3 - 5. What is the remainder when 21 is divided by t/4 + i/(-4)?
3
Let a = 19 + -35. Let g = a + 82. Suppose -11*d + 329 = 76. Calculate the remainder when g is divided by d.
20
Let h(c) = 18*c - 168. Calculate the remainder when 40 is divided by h(11).
10
Suppose -85 = -19*z + 48. Calculate the remainder when 167 is divided by z.
6
Suppose 3344*a = 3352*a - 632. Calculate the remainder when a is divided by 51.
28
Let b = 15 - 8. Let h = -113 - -253. Let v = -108 + h. Calculate the remainder when v is divided by b.
4
Suppose -275 = -2*a + 375. Calculate the remainder when a is divided by 82.
79
Suppose 0 = 4*r + 5*k - 449, -4*k = -4*r + r + 329. Suppose -5*p + 34 = -r. Calculate the remainder when p is divided by 6.
5
Calculate the remainder when (18/(-63))/((-1)/728) is divided by 71.
66
Calculate the remainder when (-27)/(-2*(3 - 33/12)) is divided by 15.
9
Let r be (6/8)/(5/20). Suppose -5*t + r*t - 10 = 0. Let l = t - -14. What is the remainder when 15 is divided by l?
6
Suppose 0 = k + 1, -2*v = -5*v + 3*k - 27. Let l(m) = -m - 6. What is the remainder when (3/(-2) - -1)*-12 is divided by l(v)?
2
Let b(c) = -c**3 + 28*c**2 - 186*c - 10. What is the remainder when 354 is divided by b(17)?
4
Let y = -6519 - -6615. Let u = 3 + 22. Calculate the remainder when y is divided by u.
21
Suppose -5*q + 741 = 2*y, 3*q + 4*y - 645 + 206 = 0. Calculate the remainder when q is divided by 15.
14
Let j(l) = l**3 + 20*l**2 - 43*l + 85. What is the remainder when j(-22) is divided by 34?
29
Suppose -p + 2*p = 3*a + 28, -50 = 5*a - 5*p. Let y = 11 + a. Calculate the remainder when 49 is divided by (1/y + -1)*-34.
15
Let a = -2416 - -2551. What is the remainder when a is divided by 35?
30
Let c(s) = 2 - 5 + 2*s**2 - 11*s + 6. Calculate the remainder when 16 is divided by c(6).
7
Let z be (-9 + 19)*6/(-10). Let l(t) = -3*t + 3. Let d be l(-3). Let s = z + d. Calculate the remainder when s is divided by 2.
0
Suppose 16*s = 269 + 51. What is the remainder when 1096 is divided by s?
16
Let i(n) = n**2 + 9*n - 89. Calculate the remainder when i(-28) is divided by 64.
59
Suppose 10*v = -15*v + 475. What is the remainder when 244 is divided by v?
16
Let p(c) be the first derivative of -c**4/2 - 7*c**3/3 + 13*c**2/2 + 8*c - 19. What is the remainder when 89 is divided by p(-5)?
17
Calculate the remainder when (-2)/(-11) + 2042/22 is divided by 36.
21
Suppose u = 1 + 15. Suppose 5*p = 4*w + 55, p + 5*w - 5 - 6 = 0. Calculate the remainder when u is divided by p.
5
Suppose -4 = -2*p + 4. Let x(a) = a + 4*a**2 + 5 - 4 + 1 - 3. Calculate the remainder when x(1) is divided by p.
0
Let a(f) = 36*f**2 + 359*f - 2. Suppose 26 = i - 2*q, -2*i = 2*i + 2*q - 124. What is the remainder when i is divided by a(-10)?
6
Let f(a) be the second derivative of 7*a**3/6 - 10*a**2 - a. Let d = 242 - 237. What is the remainder when 73 is divided by f(d)?
13
Suppose j - 640 = -4*j. Calculate the remainder when j is divided by 43.
42
Let b(y) = y**2 - 5. Let c be b(3). Suppose 5*l + 173 = c*m, 0*m - 3*m = l - 125. What is the remainder when m is divided by 15?
12
Let q(h) = -h**2 + 16*h + 37. Let p be (-52)/(-390) + 446/30. Calculate the remainder when q(p) is divided by 19.
14
Let l be (-2)/(15/6 + -2). Let m = 7 - l. What is the remainder when 42 is divided by m?
9
Suppose 4*l + 816 = 3*g, 2*l + l = 5*g - 1349. What is the remainder when g is divided by 18?
16
Let s(d) = -5*d**3 + 2*d + 3. Let z be s(-2). Suppose z = 4*b - 9. Calculate the remainder when 47 is divided by b.
11
Let d(i) = -17*i**2 + 13*i - 1. Let f(p) = 4*p**2 - 3*p. Let o(v) = 2*d(v) + 9*f(v). What is the remainder when 25 is divided by o(3)?
12
Let x(k) = k**3 + 7*k**2 + 5*k - 2. Let n be x(-6). Suppose -72 = -8*r + n*r. Calculate the remainder when 89 is divided by r.
17
Let w(y) = -2*y**2 - 60*y - 131. What is the remainder when w(-27) is divided by 8?
7
Let i(y) = -y**3 + 11*y**2 - 9*y - 7. Let j be i(10). Let c(n) = -7*n + 7*n**2 - n + 8 - 5*n - n**3 + j*n**2. Calculate the remainder when c(8) is divided by 9.
5
Suppose -f + 6 = -2*f. Suppose 3*l - 99 = -5*z, -5*z + l - 57 = -8*z. Calculate the remainder when z is divided by (-20)/f*(-12)/(-8).
3
Let n(m) = -m**3 - 13*m**2 + 25*m - 30. What is the remainder when n(-15) is divided by 16?
13
Let k be (-2 - -8)*10/(-1 - 4). Let f = 89 + -63. Let o = f + k. What is the remainder when o is divided by 6?
2
Suppose -2*q + 4*q = 64. Calculate the remainder when (-23)/(46/(-192)) - 1 is divided by q.
31
Let r be (2/(-4))/(9/(-54)). Suppose 4*f + 5*i - 82 = -19, f - 21 = -r*i. Calculate the remainder when 119 is divided by f.
11
Let i(b) =